{"id":41,"date":"2022-10-09T20:08:14","date_gmt":"2022-10-09T18:08:14","guid":{"rendered":"https:\/\/romar.rkc.si\/?page_id=41"},"modified":"2024-09-29T15:33:08","modified_gmt":"2024-09-29T13:33:08","slug":"koledar-dvz-za-leto-2021-2022","status":"publish","type":"page","link":"https:\/\/romar.rkc.si\/?page_id=41","title":{"rendered":"Skupnost ROMAR &#8211; kdo smo?"},"content":{"rendered":"\n<p>Smo skupnost katoli\u0161kih laikov iz vseh koncev Slovenije, v katero nas je povezal <strong>Marijan Jo\u017eef \u0160ef<\/strong>, slovenski duhovnik, jezuit, zdravnik, teolog in profesor. 28. 08. 2015, ko je Gospod patra vzel k sebi je bila skupnost zbrana pri ma\u0161ni daritvi, v Sti\u010dni, kjer imamo vsako leto duhovne vaje v ti\u0161ini (DVT), zato v tej povezanosti z O\u010detom, Sinom in Svetim Duhom ostajamo \u0161e danes, z zaupanjem v vodstvo Svetega Duha in z dedi\u0161\u010dino, ki smo jo prejeli. Glede na potrebe ljudi in \u0161tevila udele\u017eencev, ki se odlo\u010dajo za duhovne vaje, se zavedamo kako nujno potrebno je delo laikov v katoli\u0161ki cerkvi. Delujemo v okviru <a href=\"https:\/\/www.zupnija-dravlje.si\/\">\u017dupnije Ljubljana Dravlje<\/a>.<\/p>\n\n\n\n<p><strong>Ime Romar smo izbrali, ker v procesu duhovnih vaj romamo po svojih mislih,<\/strong> <strong>besedah in dejanjih<\/strong> v preteklosti in sedanjosti ter tako prepoznavamo na\u0161 odnos z Bogom in vemo kaj nam je storiti, da bi se uresni\u010dila na\u0161a \u017eelja, ki je sad DV\u017d, kako se \u0161e bolj zbli\u017eati z Gospodom.<\/p>\n\n\n<div class=\"wp-block-image\">\n<figure class=\"aligncenter size-full is-resized\"><img loading=\"lazy\" decoding=\"async\" width=\"328\" height=\"336\" src=\"https:\/\/romar.rkc.si\/wp-content\/uploads\/2022\/10\/Romar_328x336.jpeg\" alt=\"\" class=\"wp-image-343\" style=\"width:341px;height:349px\" srcset=\"https:\/\/romar.rkc.si\/wp-content\/uploads\/2022\/10\/Romar_328x336.jpeg 328w, https:\/\/romar.rkc.si\/wp-content\/uploads\/2022\/10\/Romar_328x336-293x300.jpeg 293w, https:\/\/romar.rkc.si\/wp-content\/uploads\/2022\/10\/Romar_328x336-264x270.jpeg 264w\" sizes=\"auto, (max-width: 328px) 100vw, 328px\" \/><\/figure>\n<\/div>\n\n\n<p class=\"has-text-align-center\"><strong>Kaj nam pove logotip skupnosti Romar?<\/strong><\/p>\n\n\n\n<p>1. Vse je ujeto v srce ljubezni, iz nje izhajajo na\u0161i odnosi spremljanja. Srce predstavlja tudi krila svobode in zdru\u017eitve dveh peruti, da lahko skupaj poletiva udele\u017eenec in spremljevalec.<\/p>\n\n\n\n<p>2. Sveti Duh bedi nad nami, nas vodi in varuje.<\/p>\n\n\n\n<p>3. Klobuk za toploto in hlad, na\u0161a ramena spremljevalcev so vedno pripravljena.<\/p>\n\n\n\n<p>4. Obuvala nam je dal Gospod za na pot po svojem \u017eivljenju, da bi ga kar najbolje raziskali. To so espadrile &#8211; \u0161pansko obuvalo svetega Ignacija Lojolskega, tako reko\u010d relikvije o\u010deta duhovnih vaj. <\/p>\n\n\n\n<p>5. Palica je opora, ki naj bo spremljancu spodbuda in kot usmerjanje spremljevalca. <\/p>\n\n\n\n<p>6. Nebo in travnik: brezmejnost in eksistenca, ni\u010d mi ne manjka, \u010de zaupam vanj, ker je Gospod na\u0161 dobri pastir.<\/p>\n\n\n\n<p>7. Napis: Kdo smo \u00bbROMAR\u00ab za Duhovne vaje v vsakdanjem \u017eivljenju (DV\u017d).<\/p>\n\n\n\n<p>Dolo\u010dena so tudi sprejeta \u00bbPravila\u00ab za delovanje skupnosti Romar.<\/p>\n\n\n\n<p>Potek enega kroga \u2013 ciklusa DV\u017d traja 30 tednov. Vsak udele\u017eenec lahko po \u017eelji ponavlja krog po lastni presoji, tako da se vsako leto do <strong>10. septembra<\/strong>, za to prostovoljno prijavi. V istem terminu se lahko prijavijo tudi novi udele\u017eenci.<\/p>\n\n\n\n<p><strong>Potek duhovnih vaj je prilagojen vsem ljudem, v vsaki situaciji, ker si kraj in \u010das molitve izbere vsak sam. <\/strong>Skupina spremljevalcev \u2013 laikov z rednimi pogovori enkrat na teden, katerih \u010das je usklajen po dogovoru med spremljevalcem in spremljancem, pomaga pri napredovanju razlo\u010devanja svetopisemskih premi\u0161ljevanj. <\/p>\n\n\n\n<p><strong>Enkrat na mesec imamo sre\u010danje vseh udele\u017eencev za skupno slavljenje, medsebojno podelitev pri\u010devanj in nagovor za molitvene enote premi\u0161ljevanj naslednjega meseca.<\/strong> Skupino spremlja duhovnik, ki kot duhovni asistent skrbi, da je na\u0161e delovanje usklajeno s cerkveno tradicijo. Zaklju\u010dek vsakega kroga je romanje udele\u017eencev in drugih povabljenih v izbrani kraj, v zahvalo Bogu.<\/p>\n\n\n\n<figure class=\"wp-block-image size-large\"><img loading=\"lazy\" decoding=\"async\" width=\"1024\" height=\"577\" src=\"https:\/\/romar.rkc.si\/wp-content\/uploads\/2022\/10\/Dravlje-1024x577.png\" alt=\"\" class=\"wp-image-335\" srcset=\"https:\/\/romar.rkc.si\/wp-content\/uploads\/2022\/10\/Dravlje-1024x577.png 1024w, https:\/\/romar.rkc.si\/wp-content\/uploads\/2022\/10\/Dravlje-300x169.png 300w, https:\/\/romar.rkc.si\/wp-content\/uploads\/2022\/10\/Dravlje-768x433.png 768w, https:\/\/romar.rkc.si\/wp-content\/uploads\/2022\/10\/Dravlje-1536x865.png 1536w, https:\/\/romar.rkc.si\/wp-content\/uploads\/2022\/10\/Dravlje-360x203.png 360w, https:\/\/romar.rkc.si\/wp-content\/uploads\/2022\/10\/Dravlje.png 1640w\" sizes=\"auto, (max-width: 1024px) 100vw, 1024px\" \/><\/figure>\n\n\n\n<p>Enkrat na leto organiziramo<strong> kratke duhovne vaje v ti\u0161ini (DVT),<\/strong> od \u010detrtka do nedelje (zadnji vikend v avgustu). To\u010den datum za vsako leto je objavljen v koledarju. Na te duhovne vaje se lahko prijavi kdorkoli, ne glede, \u010de opravlja DV\u017d.<\/p>\n\n\n\n<p>Vsak udele\u017eenec ima eno uro individualnega spremljanja na dan \u2013 pogovora s svojim spremljevalcem, ki ga opravi \u010dez dan, kot je dolo\u010deno na urniku, po skupnem nagovoru o temi za premi\u0161ljevanje ter skupno slavljenje in molitev. Vmes je dolo\u010den \u010das za spoved ter za no\u010dno ali dnevno \u010da\u0161\u010denje pred Najsvetej\u0161im.<\/p>\n\n\n\n<figure class=\"wp-block-image size-large\"><img loading=\"lazy\" decoding=\"async\" width=\"1024\" height=\"577\" src=\"https:\/\/romar.rkc.si\/wp-content\/uploads\/2022\/10\/Sticna-1024x577.png\" alt=\"\" class=\"wp-image-336\" srcset=\"https:\/\/romar.rkc.si\/wp-content\/uploads\/2022\/10\/Sticna-1024x577.png 1024w, https:\/\/romar.rkc.si\/wp-content\/uploads\/2022\/10\/Sticna-300x169.png 300w, https:\/\/romar.rkc.si\/wp-content\/uploads\/2022\/10\/Sticna-768x433.png 768w, https:\/\/romar.rkc.si\/wp-content\/uploads\/2022\/10\/Sticna-1536x865.png 1536w, https:\/\/romar.rkc.si\/wp-content\/uploads\/2022\/10\/Sticna-360x203.png 360w, https:\/\/romar.rkc.si\/wp-content\/uploads\/2022\/10\/Sticna.png 1640w\" sizes=\"auto, (max-width: 1024px) 100vw, 1024px\" \/><\/figure>\n\n\n\n<p>V vsakem krogu (letu) je prijavljeno na DV\u017d\u00a0okoli 100 udele\u017eencev.<\/p>\n\n\n\n<p>Za vsak termin DVT je prijavljeno okoli 40 udele\u017eencev.<\/p>\n\n\n\n<p>V skupini je 25 \u2013 30 spremljevalcev, ki se redno udele\u017eujejo \u0161olanja\/duhovne obnove. Spremljevalci imajo redno izobra\u017eevanje ter utrjevanje za slu\u017eenje Gospodu.<\/p>\n\n\n\n<p>Molitvena skupina (MS), za redno molitveno podporo obsega 40 \u2013 50 \u010dlanov. Sestavljena je molitvena skupina, katere \u010dlani s povezano molitvijo molijo za podporo udele\u017eencem duhovnih vaj. Poleg tega pa sami udele\u017eenci redno, vsak dan molimo \u00bbmolitev za\u0161\u010dite\u00ab.<\/p>\n\n\n\n<p>Iz pri\u010devanj udele\u017eencev so razvidni sadovi:<\/p>\n\n\n\n<ul class=\"wp-block-list\">\n<li>osvoboditev (mir in ljubezen),<\/li>\n\n\n\n<li>poglobljena molitev, razumevanje svetopisemskih sporo\u010dil (v ti\u0161ini sre\u010danje in pogovor z&nbsp; Gospodom),<\/li>\n\n\n\n<li>spoznanje vrednot sv. ma\u0161e (hrepenenje po udele\u017ebi in aktivno sodelovanje v \u017eupnijah),<\/li>\n\n\n\n<li>skrb za medsebojne odnose (sprava, radodarnost),<\/li>\n\n\n\n<li>spra\u0161evanje zavesti in vesti (vsaj 1 x na dan),<\/li>\n\n\n\n<li>prejeti dar odpu\u0161\u010danja (spoved, odpoved, zapoved),<\/li>\n\n\n\n<li>pot pote\u0161itve (Marija \u2013 Jezus \u2013 Bog).<\/li>\n<\/ul>\n\n\n\n<p>Izto\u010dnica vseh gradiv za delo je <strong>knji\u017eica duhovnih vaj Svetega Ignacija Lojolskega<\/strong> in <strong>svetopisemska besedila<\/strong>. <\/p>\n\n\n\n<figure class=\"wp-block-image size-large\"><img loading=\"lazy\" decoding=\"async\" width=\"1024\" height=\"577\" src=\"https:\/\/romar.rkc.si\/wp-content\/uploads\/2022\/10\/Molitev-1024x577.png\" alt=\"\" class=\"wp-image-339\" srcset=\"https:\/\/romar.rkc.si\/wp-content\/uploads\/2022\/10\/Molitev-1024x577.png 1024w, https:\/\/romar.rkc.si\/wp-content\/uploads\/2022\/10\/Molitev-300x169.png 300w, https:\/\/romar.rkc.si\/wp-content\/uploads\/2022\/10\/Molitev-768x433.png 768w, https:\/\/romar.rkc.si\/wp-content\/uploads\/2022\/10\/Molitev-1536x865.png 1536w, https:\/\/romar.rkc.si\/wp-content\/uploads\/2022\/10\/Molitev-360x203.png 360w, https:\/\/romar.rkc.si\/wp-content\/uploads\/2022\/10\/Molitev.png 1640w\" sizes=\"auto, (max-width: 1024px) 100vw, 1024px\" \/><\/figure>\n\n\n\n<p><\/p>\n\n\n\n<p><\/p>\n","protected":false},"excerpt":{"rendered":"<p>Smo skupnost katoli\u0161kih laikov iz vseh koncev Slovenije, v katero nas je povezal Marijan Jo\u017eef \u0160ef, slovenski duhovnik, jezuit, zdravnik, teolog in profesor. 28. 08. 2015, ko je Gospod patra vzel k sebi je bila skupnost zbrana pri ma\u0161ni daritvi, <a href=\"https:\/\/romar.rkc.si\/?page_id=41\" class=\"read-more\">Preberi ve\u010d &#8230;<\/a><\/p>\n","protected":false},"author":1,"featured_media":271,"parent":0,"menu_order":0,"comment_status":"closed","ping_status":"closed","template":"","meta":{"footnotes":""},"class_list":["post-41","page","type-page","status-publish","has-post-thumbnail","hentry"],"_links":{"self":[{"href":"https:\/\/romar.rkc.si\/index.php?rest_route=\/wp\/v2\/pages\/41","targetHints":{"allow":["GET"]}}],"collection":[{"href":"https:\/\/romar.rkc.si\/index.php?rest_route=\/wp\/v2\/pages"}],"about":[{"href":"https:\/\/romar.rkc.si\/index.php?rest_route=\/wp\/v2\/types\/page"}],"author":[{"embeddable":true,"href":"https:\/\/romar.rkc.si\/index.php?rest_route=\/wp\/v2\/users\/1"}],"replies":[{"embeddable":true,"href":"https:\/\/romar.rkc.si\/index.php?rest_route=%2Fwp%2Fv2%2Fcomments&post=41"}],"version-history":[{"count":44,"href":"https:\/\/romar.rkc.si\/index.php?rest_route=\/wp\/v2\/pages\/41\/revisions"}],"predecessor-version":[{"id":911,"href":"https:\/\/romar.rkc.si\/index.php?rest_route=\/wp\/v2\/pages\/41\/revisions\/911"}],"wp:featuredmedia":[{"embeddable":true,"href":"https:\/\/romar.rkc.si\/index.php?rest_route=\/wp\/v2\/media\/271"}],"wp:attachment":[{"href":"https:\/\/romar.rkc.si\/index.php?rest_route=%2Fwp%2Fv2%2Fmedia&parent=41"}],"curies":[{"name":"wp","href":"https:\/\/api.w.org\/{rel}","templated":true}]}}