{"id":122,"date":"2022-10-09T21:57:46","date_gmt":"2022-10-09T19:57:46","guid":{"rendered":"https:\/\/romar.rkc.si\/?page_id=122"},"modified":"2022-12-06T09:06:55","modified_gmt":"2022-12-06T08:06:55","slug":"navodila-za-delo","status":"publish","type":"page","link":"https:\/\/romar.rkc.si\/?page_id=122","title":{"rendered":"Navodila za delo"},"content":{"rendered":"\n<p><strong>DUHOVNE VAJE V VSAKDANJEM \u017dIVLJENJU<\/strong><\/p>\n\n\n\n<p>Dobrodo\u0161li na duhovnih vajah <strong>svetega Ignacija Lojolskega<\/strong>. Cilj duhovnih vaj je, da \u010dlovek tako uredi svoje \u017eivljenje, da se ne pusti voditi svojim neurejenim nagnjenjem, temve\u010d dopu\u0161\u010da, da ga Bog o\u010disti, osvobodi in vodi po svoji poti. Duhovne vaje sv. Ignacija trajajo mesec dni v strogi ti\u0161ini. Za tiste, ki si ne morejo <em>vzeti <\/em>mesec dni zaradi dela in drugih dol\u017enosti, sv. Ignacij (DV 19) predvideva mo\u017enost opravljanja duhovnih vaj v vsakdanjem \u017eivljenju, kjer se molitev in delo prepletata. <strong>Ta 30-tedenski program se nahaja v Smernicah, ki jih je priredil pater John Veltri, DJ, v okviru Centra za duhovnost Loyola House, ki ga vodijo jezuiti v bli\u017eini Toronta v Kanadi. <\/strong>Vsak teden ima \u0161est premi\u0161ljevanj (meditacij). Sedmi dan je pogovor s spremljevalcem(-ko), ki nas spremlja na duhovni poti. Isti razpored ohranimo skozi vseh 30 tednov.<\/p>\n\n\n\n<p><strong>Predlo\u017eeno besedilo &#8211; <\/strong>Na enem listu so premi\u0161ljevanja za en teden. Ta list imamo pred seboj teden dni, ostalih ne gledamo vnaprej. \u0160est premi\u0161ljevanj za \u0161est dni je ozna\u010denih z a), b), c), \u010d), d), e). Za sedmi dan premi\u0161ljevanje ni predvideno. Ta dan se v \u010dasu, predvidenem za premi\u0161ljevanje, pripravimo na pogovor s spremljevalcem(-ko).<\/p>\n\n\n\n<p>Knji\u017eico <strong><em>Duhovne vaje <\/em><\/strong>sv. Ignacija Lojolskega potrebujemo od pete molitvene enote naprej. <strong>Pravil<\/strong> se je potrebno zvesto dr\u017eati, \u010de odstopamo od predlo\u017eenih pravil, je te\u017eko ugotoviti duhovne vzgibe in milostne spodbude. Predlo\u017eena pravila so kot stalnica, na\u0161e odzivanje nanje pa so spremenljivke, ki bodo pokazale, kje smo.<\/p>\n\n\n\n<p><strong>Spremljevalec(-ka) <\/strong>nam pomaga, da se spoznamo, sprejmemo svojo molitveno izku\u0161njo in resnico o sebi, ki jo prejemamo po molitvi, da se odpremo Bo\u017ejemu delovanju in na\u010drtu z nami. Vsebina duhovnega spremljanja in pogovora s spremljevalcem(-ko) je <strong>izku\u0161nja v molitvenem premi\u0161ljevanju<\/strong>. Zato je pomembno, da se nau\u010dimo opisati svoje molitvene izku\u0161nje. Svoboda je predpogoj resni\u010dno iskrenega iskanja in odkrivanja Boga. Zato se bomo trudili, da se ne navezujemo na osebe. Molili bomo za svojega(-jo) spremljevalca(-ko), da nas vodi k Bogu.<\/p>\n\n\n\n<p><strong>Vsebina <\/strong>vsakega tedna velja za vse dni v tem tednu! Vsa premi\u0161ljevanja enega tedna imajo isto temo, vse vsebujejo isto misel, ki je povezana z milostjo, za katero molim.<\/p>\n\n\n\n<p><strong>Milost <\/strong>je tisto, za kar prosimo in kar \u017eelimo dose\u010di v premi\u0161ljevanju, tako kot gremo na romanje z namenom, da dose\u017eemo\/prejmemo neko milost. Na za\u010detku vsakega premi\u0161ljevanja prosimo za milost, ki jo i\u0161\u010demo\/\u017eelimo. Po premi\u0161ljevanju, v refleksiji, pa gledamo, \u010de smo milost prejeli.<\/p>\n\n\n\n<figure class=\"wp-block-table\"><table><tbody><tr><td><strong>\u010cas premi\u0161ljevanja <\/strong>lahko izberemo. Na razpolago imamo tri mo\u017enosti: <strong>90 minut:<\/strong> &#8211; 5 min neposredna priprava &#8211; 60 min molitev &#8211; 10 min refleksija &#8211; 15 min ve\u010derno izpra\u0161evanje vesti in zavesti.<\/td><td><strong>60 minut:<\/strong> <strong>&#8211; <\/strong>5 min neposredna priprava &#8211; 40 min molitev &#8211; 7 min refleksija &#8211; 8 min ve\u010derno izpra\u0161evanje vesti in zavesti.<\/td><td><strong>40 minut:<\/strong> &#8211; 30 min neposredna priprava in molitev &#8211; 5 min refleksija &#8211; 5 min ve\u010derno izpra\u0161evanje vesti in zavesti.<\/td><\/tr><\/tbody><\/table><\/figure>\n\n\n\n<figure class=\"wp-block-image size-full\"><img loading=\"lazy\" decoding=\"async\" width=\"800\" height=\"507\" src=\"https:\/\/romar.rkc.si\/wp-content\/uploads\/2022\/11\/White-Pink-Shape-Dental-Logo-7.png\" alt=\"\" class=\"wp-image-364\" srcset=\"https:\/\/romar.rkc.si\/wp-content\/uploads\/2022\/11\/White-Pink-Shape-Dental-Logo-7.png 800w, https:\/\/romar.rkc.si\/wp-content\/uploads\/2022\/11\/White-Pink-Shape-Dental-Logo-7-300x190.png 300w, https:\/\/romar.rkc.si\/wp-content\/uploads\/2022\/11\/White-Pink-Shape-Dental-Logo-7-768x487.png 768w, https:\/\/romar.rkc.si\/wp-content\/uploads\/2022\/11\/White-Pink-Shape-Dental-Logo-7-360x228.png 360w\" sizes=\"auto, (max-width: 800px) 100vw, 800px\" \/><\/figure>\n\n\n\n<p><strong>Premi\u0161ljevanje <\/strong>vedno traja enako dolgo, torej toliko, kolikor smo si dolo\u010dili (90, 60 ali 40 minut). Brez dogovora s spremljevalcem(-ko) tega \u010dasa ne skraj\u0161ujemo niti podalj\u0161ujemo. Sestavljeno je iz molitve za \u017eeljeno milost, branja predlo\u017eenega teksta, <strong>meditacije<\/strong> ali <strong>konteplacije<\/strong> ter <strong>kolokvija<\/strong>.<\/p>\n\n\n\n<p><strong>Meditacija<\/strong> je premi\u0161ljevalna molitev, vendar ni vsako razmi\u0161ljanje tudi meditacija. Meditacija je urjenje premi\u0161ljevanja, pretehtavanja in preudarjanja, premlevanja misli, pri kateri morajo biti vklju\u010dene vse moje telesne, du\u0161evne in duhovne sposobnosti, da morem dose\u010di svoj cilj \u2013 me popeljati v globino, v notranje do\u017eivljanje in oku\u0161anje stvari, kar me edino notranje zadovolji (DV 2). V tem smislu je meditacija pot v notranjost, globoko premi\u0161ljevanje, razsvetljenje in sprejemanje odlo\u010ditve.<\/p>\n\n\n\n<p>V <strong>kontemplaciji<\/strong> si zamislim s pomo\u010djo domi\u0161ljije sebe v prizoru iz Svetega pisma oziroma v kateremkoli dogodku, situaciji ali odnosu v Bo\u017eji navzo\u010dnosti in potem pri tem sodelujem. Zrem oziroma motrim kraj\/prostor, kjer se odvija prizor, pozorno z vsemi \u010duti vstopam v dogajanje in v odnose, s tem omogo\u010dam Bogu, da me nagovarja po moji domi\u0161ljiji. To je eden od Ignacijevih priljubljenih na\u010dinov, ki ljudem pomaga vstopiti v odnos z Bogom.<\/p>\n\n\n\n<p>V nadaljevanju opravim <strong>kolokvij<\/strong>, toje pogovor z Bogom, ko se glasno ali v duhu pogovarjam z Nebe\u0161kim O\u010detom. Poslu\u0161am kaj mi govori, postavljam vpra\u0161anja in on mi odgovarja, tak pogovor imam lahko tudi s katerakoli sveto osebo. <strong>Pogovor <\/strong>ali <strong>kolokvij <\/strong>je zelo pomemben del molitve. Sv. Ignacij priporo\u010da, da si predstavljamo Gospoda Jezusa, kako sedi nasproti mene. Pogovor te\u010de v obeh smereh, kot iskren prijateljski pogovor in ne monolog. Besede je treba izmenjati: izgovoriti, poslu\u0161ati in zapisati<\/p>\n\n\n\n<p><strong>Trojni pogovor<\/strong> ali <strong>trojni kolokvij<\/strong> je pogovor s tremi osebami: z Gospodom Jezusom, z nebe\u0161ko Materjo in nebe\u0161kim O\u010detom, ob koncu zelo pomembnih premi\u0161ljevanj.<\/p>\n\n\n\n<p><strong>Refleksija<\/strong> je pregled molitvene izku\u0161nje, ki jo opravim v Bo\u017eji navzo\u010dnosti in jo zapi\u0161em. Refleksijo vedno pi\u0161em takoj po molitvi. Po kon\u010dani molitvi gledam, kaj se je v njej zgodilo. To je spra\u0161evanje <strong>zavesti<\/strong> o Bo\u017eji prisotnosti in Bo\u017ejem vplivu v molitvi. Z refleksijo se u\u010dim spoznavati svojo molitveno izku\u0161njo. Namen refleksije je, da se nau\u010dim razlo\u010devati, od kod prihajajo vplivi: od mene, Boga ali sovra\u017enika. Refleksija mi tudi pomaga, da spoznam, kam me vodi Bo\u017eji vpliv, kam me Bog \u017eeli pripeljati.<\/p>\n\n\n\n<p>Pri refleksiji odgovarjamo na vpra\u0161anja:<\/p>\n\n\n\n<p>1. Kak\u0161na je bila moja daljna in bli\u017enja priprava na premi\u0161ljevanje?<\/p>\n\n\n\n<p>2. Katera besedila so bila predlo\u017eena, katera pa izbrana za ponavljanje in zakaj?<\/p>\n\n\n\n<p>3. Katera \u010dustva in misli so se pojavljala med premi\u0161ljevanjem?<\/p>\n\n\n\n<p>4. Kak\u0161no je bilo razpolo\u017eenje pred in do kak\u0161ne spremembe razpolo\u017eenja je pri\u0161lo med premi\u0161ljevanjem?<\/p>\n\n\n\n<p>5. Ali se \u017eelim vrniti na vsebino, ki me je med molitvijo bolj nagovorila?<\/p>\n\n\n\n<p>6. Ali sem prosil(-a) za milost?<\/p>\n\n\n\n<p>7. Sem to milost prejel(-a)?<\/p>\n\n\n\n<p>8. Kako je potekal pogovor (kolokvij)?<\/p>\n\n\n\n<p>9. Od koga so pri\u0161li vplivi: od Boga, od mene ali od sovra\u017enika?<\/p>\n\n\n\n<p>Za\u017eeleno je, da smo <strong>ves dan<\/strong>, \u010de je mogo\u010de, v mislih na svoje premi\u0161ljevanje, da z njimi zaspimo in se z njimi zbudimo. Tako bomo bolj vsrkali vsebino. Ne bomo iskali nobenih drugih vsebin, razen svojih dnevnih dol\u017enosti, ki jih vestno opravljamo.<\/p>\n\n\n\n<p><strong>Dodatna besedila za premi\u0161ljevanje. <\/strong>\u010ce imamo ta dan dovolj \u010dasa in \u017eelimo premi\u0161ljevati \u0161e izven \u010dasa molitve, ne vzamemo premi\u0161ljevanja za naslednji dan, ampak eno izmed <em>dodatnih <\/em>besedil. Ni dobro brati drugih knjig, ki niso povezane s tem, razen po dol\u017enosti.<\/p>\n\n\n\n<p>Zve\u010der opravim <strong>spra\u0161evanje zavesti oziroma eksamen<\/strong> \u2013 to je refleksija oziroma pregled dneva, pol dneva, lahko tudi tedna ali na\u0161ih posameznih do\u017eivetih dogodkov\/situacij, gre v bistvu za iskanje Bo\u017eje prisotnosti v tem oziroma kako je deloval Bog in kam me vodi njegov Sveti Duh. Ozave\u0161\u010da moje sodelovanje z Bogom v bli\u017enji preteklosti do tega trenutka in me vodi v prihodnost. <\/p>\n\n\n\n<p><strong>Refleksijo na dan lahko opravljam na ve\u010d na\u010dinov, pri tem je pomembnih pet to\u010dk:<\/strong><\/p>\n\n\n\n<ol class=\"wp-block-list\" type=\"1\">\n<li>Hvale\u017enost Bogu.<\/li>\n\n\n\n<li>Zavedanje Bo\u017eje prisotnosti.<\/li>\n\n\n\n<li>Prepu\u0161\u010danje vodstvu Svetega Duha.<\/li>\n\n\n\n<li>Ob\u017ealovanje in spoznavanje Bo\u017eje ljubezni ob tem.<\/li>\n\n\n\n<li>Odlo\u010ditev za moje sodelovanje z Bogom \u2013 pro\u0161nja za naslednji dan.<\/li>\n<\/ol>\n\n\n\n<p><strong>Pri zapisu oziroma pogovoru z Bogom si lahko pomagam z naslednjimi vpra\u0161anji:<\/strong><\/p>\n\n\n\n<ol class=\"wp-block-list\" type=\"1\">\n<li>Kak\u0161en sem vstopil v dan?<\/li>\n\n\n\n<li>Katere dol\u017enosti so mi bile zadane? Katere sem lahko izbiral? Katere sem izbral?<\/li>\n\n\n\n<li>S kak\u0161nimi ob\u010dutki in mislimi sem delal \u010dez dan?<\/li>\n\n\n\n<li>Kako je premi\u0161ljevanje vplivalo na moj dan?<\/li>\n\n\n\n<li>Kako so dnevni dogodki vplivali na moje razpolo\u017eenje?<\/li>\n\n\n\n<li>Ali je kaj v dnevu kar bi bilo potrebno bolje napraviti, \u010de bi se lahko ponovilo?<\/li>\n\n\n\n<li>Ali sem se zavedal Bo\u017eje prisotnosti \u010dez dan?<\/li>\n\n\n\n<li>Ali sem se obrnil k Bogu na pomo\u010d? Ali mi je pomagal?<\/li>\n\n\n\n<li>Kak\u0161en je bil moj odnos do Boga v tem dnevu?<\/li>\n\n\n\n<li>Ali sem bil pri ma\u0161i? Kako je to vplivalo na mene?<\/li>\n\n\n\n<li>Ali sem opravil spra\u0161evanje zavesti ob poldne? Kako je to vplivalo na popoldne?<\/li>\n\n\n\n<li>Kdo je na mene danes vplival: Bog, bo\u017eji sovra\u017enik ali jaz (moje rane, moj zna\u010daj, preteklost, moje slabe ali dobre navade)?<\/li>\n<\/ol>\n\n\n\n<p><strong>Sedmi dan <\/strong>zberem vse refleksije\/zapise pregledov preteklih molitvenih izku\u0161enj in gledam, kaj se je dogajalo \u010dez teden. V okviru priprave na pogovor s spremljevalcem(-ko) naredim refleksijo za cel teden. Refleksija ni teolo\u0161ka razprava, ne odlo\u010ditev, ne molitev in ne kolokvij. Refleksija je ogrodje za pogovor s spremljevalcem.<\/p>\n","protected":false},"excerpt":{"rendered":"<p>DUHOVNE VAJE V VSAKDANJEM \u017dIVLJENJU Dobrodo\u0161li na duhovnih vajah svetega Ignacija Lojolskega. Cilj duhovnih vaj je, da \u010dlovek tako uredi svoje \u017eivljenje, da se ne pusti voditi svojim neurejenim nagnjenjem, temve\u010d dopu\u0161\u010da, da ga Bog o\u010disti, osvobodi in vodi po <a href=\"https:\/\/romar.rkc.si\/?page_id=122\" class=\"read-more\">Preberi ve\u010d &#8230;<\/a><\/p>\n","protected":false},"author":1,"featured_media":0,"parent":0,"menu_order":0,"comment_status":"closed","ping_status":"closed","template":"","meta":{"footnotes":""},"class_list":["post-122","page","type-page","status-publish","hentry"],"_links":{"self":[{"href":"https:\/\/romar.rkc.si\/index.php?rest_route=\/wp\/v2\/pages\/122","targetHints":{"allow":["GET"]}}],"collection":[{"href":"https:\/\/romar.rkc.si\/index.php?rest_route=\/wp\/v2\/pages"}],"about":[{"href":"https:\/\/romar.rkc.si\/index.php?rest_route=\/wp\/v2\/types\/page"}],"author":[{"embeddable":true,"href":"https:\/\/romar.rkc.si\/index.php?rest_route=\/wp\/v2\/users\/1"}],"replies":[{"embeddable":true,"href":"https:\/\/romar.rkc.si\/index.php?rest_route=%2Fwp%2Fv2%2Fcomments&post=122"}],"version-history":[{"count":6,"href":"https:\/\/romar.rkc.si\/index.php?rest_route=\/wp\/v2\/pages\/122\/revisions"}],"predecessor-version":[{"id":381,"href":"https:\/\/romar.rkc.si\/index.php?rest_route=\/wp\/v2\/pages\/122\/revisions\/381"}],"wp:attachment":[{"href":"https:\/\/romar.rkc.si\/index.php?rest_route=%2Fwp%2Fv2%2Fmedia&parent=122"}],"curies":[{"name":"wp","href":"https:\/\/api.w.org\/{rel}","templated":true}]}}